{"id":10087,"date":"2025-08-03T12:08:42","date_gmt":"2025-08-03T12:08:42","guid":{"rendered":"https:\/\/aramiso-test.verteco.app\/?product=kotva-na-zapustenie-fezn-m12"},"modified":"2025-08-03T12:08:48","modified_gmt":"2025-08-03T12:08:48","slug":"kotva-na-zapustenie-fezn-m12","status":"publish","type":"product","link":"https:\/\/aramiso-test.verteco.app\/?product=kotva-na-zapustenie-fezn-m12","title":{"rendered":"Kotva na zapustenie, Fe+Zn, M12"},"content":{"rendered":"<p>Oce\u013eov\u00e1 kotva so z\u00e1vitom M12 na osadenie alebo vlepenie chemickou kotvou. Umo\u017e\u0148uje pou\u017eitie metrick\u00fdch skrutiek na upevnenie.<br \/>\nMateri\u00e1l: oce\u013e, trieda 5.8<br \/>\nPou\u017e\u00edva sa na pevn\u00e9 steny a bet\u00f3nov\u00e9 povrchy.<\/p>\n<p>POZOR! Vyv\u0155tajte otvor do steny vrt\u00e1kom v\u00e4\u010d\u0161\u00edm aspo\u0148 o 2 mm ako je priemer kotvy.<\/p>\n","protected":false},"excerpt":{"rendered":"<p>Materi\u00e1l: Oce\u013e, L: 127, M: 12<\/p>\n","protected":false},"featured_media":0,"comment_status":"closed","ping_status":"open","template":"","meta":[],"product_brand":[],"product_cat":[15],"product_tag":[],"class_list":{"0":"post-10087","1":"product","2":"type-product","3":"status-publish","5":"product_cat-uncategorized","7":"first","8":"onbackorder","9":"sale","10":"purchasable","11":"product-type-simple"},"_links":{"self":[{"href":"https:\/\/aramiso-test.verteco.app\/index.php?rest_route=\/wp\/v2\/product\/10087","targetHints":{"allow":["GET"]}}],"collection":[{"href":"https:\/\/aramiso-test.verteco.app\/index.php?rest_route=\/wp\/v2\/product"}],"about":[{"href":"https:\/\/aramiso-test.verteco.app\/index.php?rest_route=\/wp\/v2\/types\/product"}],"replies":[{"embeddable":true,"href":"https:\/\/aramiso-test.verteco.app\/index.php?rest_route=%2Fwp%2Fv2%2Fcomments&post=10087"}],"wp:attachment":[{"href":"https:\/\/aramiso-test.verteco.app\/index.php?rest_route=%2Fwp%2Fv2%2Fmedia&parent=10087"}],"wp:term":[{"taxonomy":"product_brand","embeddable":true,"href":"https:\/\/aramiso-test.verteco.app\/index.php?rest_route=%2Fwp%2Fv2%2Fproduct_brand&post=10087"},{"taxonomy":"product_cat","embeddable":true,"href":"https:\/\/aramiso-test.verteco.app\/index.php?rest_route=%2Fwp%2Fv2%2Fproduct_cat&post=10087"},{"taxonomy":"product_tag","embeddable":true,"href":"https:\/\/aramiso-test.verteco.app\/index.php?rest_route=%2Fwp%2Fv2%2Fproduct_tag&post=10087"}],"curies":[{"name":"wp","href":"https:\/\/api.w.org\/{rel}","templated":true}]}}