{"id":10070,"date":"2025-08-25T11:14:38","date_gmt":"2025-08-25T11:14:38","guid":{"rendered":"https:\/\/aramiso-test.verteco.app\/?product=vysokovykonna-kotva-so-6-hr-skrutkou-haz-m8"},"modified":"2025-08-25T11:14:41","modified_gmt":"2025-08-25T11:14:41","slug":"vysokovykonna-kotva-so-6-hr-skrutkou-haz-m8","status":"publish","type":"product","link":"https:\/\/aramiso-test.verteco.app\/?product=vysokovykonna-kotva-so-6-hr-skrutkou-haz-m8","title":{"rendered":"Vysokov\u00fdkonn\u00e1 kotva so 6-hr. skrutkou HAZ M8"},"content":{"rendered":"<p>Kotva na vysok\u00e9 za\u0165a\u017eenie v popraskanom a nepopraskanom bet\u00f3ne, \u010dist\u00e1 povrchov\u00e1 \u00faprava na pripevnenom diele. U\u0161\u013eachtil\u00e1 oce\u013e A4<br \/>\nVysok\u00e1 za\u0165a\u017eite\u013enos\u0165<br \/>\nIn\u0161tal\u00e1cia zatla\u010den\u00edm \u0161etriaca \u010das<br \/>\nOkam\u017eit\u00e1 nosnos\u0165 &#8211; \u017eiadne \u010dakanie<br \/>\nRozp\u00ednacia kotva z nehrdzavej\u00facej ocele A4 riaden\u00e1 kr\u00fatiacim momentom<\/p>\n<p>Oblas\u0165 pou\u017eitia<br \/>\nIndividu\u00e1lne pripevnenie so schv\u00e1len\u00edm<br \/>\n\u0160tandardn\u00fd bet\u00f3n C20\/25 a\u017e C50\/60 (popraskan\u00fd a nepopraskan\u00fd bet\u00f3n, seizmick\u00e9 vlastnosti kateg\u00f3rie C1 a C2 pre ve\u013ekosti M8 &#8211; M16)<br \/>\nnapr. kovov\u00e9 kon\u0161trukcie, kovov\u00e9 profily, konzoly, z\u00e1kladov\u00e9 dosky, podpery, k\u00e1blov\u00e9 chr\u00e1ni\u010dky, potrubia, z\u00e1bradlia, stroje a pod.<br \/>\nIndividu\u00e1lne pripevnenie bez schv\u00e1lenia<br \/>\nMo\u017eno pou\u017ei\u0165 v bet\u00f3ne < C20\/25 a pr\u00edrodnom kameni odolnom proti tlaku\n\n\nSchv\u00e1len\u00e1 na pou\u017e\u00edvanie v such\u00fdch priestorov v interi\u00e9ri a taktie\u017e v exteri\u00e9ri (vr\u00e1tane priemyseln\u00fdch prostred\u00ed a pobre\u017en\u00fdch oblast\u00ed) alebo vo vlhk\u00fdch miestnostiach, pokia\u013e nejde o mimoriadne agres\u00edvne podmienky\n\n\n<iframe width=\"560\" height=\"315\" src=\"https:\/\/www.youtube.com\/embed\/y2RtxR703vk\" title=\"YouTube video player\" frameborder=\"0\" allow=\"accelerometer; autoplay; clipboard-write; encrypted-media; gyroscope; picture-in-picture; web-share\" allowfullscreen><\/iframe><\/p>\n","protected":false},"excerpt":{"rendered":"<p>Materi\u00e1l: Nerez AISI 316, Pou\u017eitie: Kotvenie, M: 8<\/p>\n","protected":false},"featured_media":0,"comment_status":"closed","ping_status":"open","template":"","meta":[],"product_brand":[],"product_cat":[15],"product_tag":[],"class_list":{"0":"post-10070","1":"product","2":"type-product","3":"status-publish","5":"product_cat-uncategorized","7":"first","8":"instock","9":"sale","10":"purchasable","11":"product-type-simple"},"_links":{"self":[{"href":"https:\/\/aramiso-test.verteco.app\/index.php?rest_route=\/wp\/v2\/product\/10070","targetHints":{"allow":["GET"]}}],"collection":[{"href":"https:\/\/aramiso-test.verteco.app\/index.php?rest_route=\/wp\/v2\/product"}],"about":[{"href":"https:\/\/aramiso-test.verteco.app\/index.php?rest_route=\/wp\/v2\/types\/product"}],"replies":[{"embeddable":true,"href":"https:\/\/aramiso-test.verteco.app\/index.php?rest_route=%2Fwp%2Fv2%2Fcomments&post=10070"}],"wp:attachment":[{"href":"https:\/\/aramiso-test.verteco.app\/index.php?rest_route=%2Fwp%2Fv2%2Fmedia&parent=10070"}],"wp:term":[{"taxonomy":"product_brand","embeddable":true,"href":"https:\/\/aramiso-test.verteco.app\/index.php?rest_route=%2Fwp%2Fv2%2Fproduct_brand&post=10070"},{"taxonomy":"product_cat","embeddable":true,"href":"https:\/\/aramiso-test.verteco.app\/index.php?rest_route=%2Fwp%2Fv2%2Fproduct_cat&post=10070"},{"taxonomy":"product_tag","embeddable":true,"href":"https:\/\/aramiso-test.verteco.app\/index.php?rest_route=%2Fwp%2Fv2%2Fproduct_tag&post=10070"}],"curies":[{"name":"wp","href":"https:\/\/api.w.org\/{rel}","templated":true}]}}