{"id":10069,"date":"2025-08-25T11:14:38","date_gmt":"2025-08-25T11:14:38","guid":{"rendered":"https:\/\/aramiso-test.verteco.app\/?product=vysokovykonna-kotva-so-sesthrannou-hlavou-m8"},"modified":"2025-08-25T11:14:40","modified_gmt":"2025-08-25T11:14:40","slug":"vysokovykonna-kotva-so-sesthrannou-hlavou-m8","status":"publish","type":"product","link":"https:\/\/aramiso-test.verteco.app\/?product=vysokovykonna-kotva-so-sesthrannou-hlavou-m8","title":{"rendered":"Vysokov\u00fdkonn\u00e1 kotva so \u0161es\u0165hrannou hlavou M8"},"content":{"rendered":"<p>Kotva na vysok\u00e9 za\u0165a\u017eenie v popraskanom a nepopraskanom bet\u00f3ne, \u010dist\u00e1 povrchov\u00e1 \u00faprava na pripevnenom diele. Pozinkovan\u00e1 oce\u013e<\/p>\n<p>Vysok\u00e1 za\u0165a\u017eite\u013enos\u0165<br \/>\nIn\u0161tal\u00e1cia zatla\u010den\u00edm \u0161etriaca \u010das<br \/>\nOkam\u017eit\u00e1 nosnos\u0165 &#8211; \u017eiadne \u010dakanie<br \/>\nRozp\u00ednacia kotva z pozinkovanej ocele s regul\u00e1ciou kr\u00fatiaceho momentu<\/p>\n<p>Doklad o v\u00fdkone (Pub)<br \/>\nSchv\u00e1lenie ETA-02\/0031 na individu\u00e1lne upevnenie, mo\u017enos\u0165 1, popraskan\u00fd a nepopraskan\u00fd bet\u00f3n, kateg\u00f3ria seizmick\u00fdch vlastnost\u00ed C1 a C2<br \/>\nProtipo\u017eiarna odolnos\u0165: F30, F60, F90 a F120; vystavenie oh\u0148u pod\u013ea normy DIN 1363-1:1999-10 (rovnomern\u00e1 krivka teploty a \u010dasu)<br \/>\nProtipo\u017eiarna odolnos\u0165: R30, R60, R90 a R120; TR020 (zahrnut\u00e9 v ETA-02\/0031)<\/p>\n","protected":false},"excerpt":{"rendered":"<p>Materi\u00e1l: Oce\u013e, Povrchov\u00e1 \u00faprava: Zinok, L: 85, Pou\u017eitie: Kotvenie, M: 8, d: 12<\/p>\n","protected":false},"featured_media":0,"comment_status":"closed","ping_status":"open","template":"","meta":[],"product_brand":[],"product_cat":[15],"product_tag":[],"class_list":{"0":"post-10069","1":"product","2":"type-product","3":"status-publish","5":"product_cat-uncategorized","7":"first","8":"onbackorder","9":"sale","10":"purchasable","11":"product-type-simple"},"_links":{"self":[{"href":"https:\/\/aramiso-test.verteco.app\/index.php?rest_route=\/wp\/v2\/product\/10069","targetHints":{"allow":["GET"]}}],"collection":[{"href":"https:\/\/aramiso-test.verteco.app\/index.php?rest_route=\/wp\/v2\/product"}],"about":[{"href":"https:\/\/aramiso-test.verteco.app\/index.php?rest_route=\/wp\/v2\/types\/product"}],"replies":[{"embeddable":true,"href":"https:\/\/aramiso-test.verteco.app\/index.php?rest_route=%2Fwp%2Fv2%2Fcomments&post=10069"}],"wp:attachment":[{"href":"https:\/\/aramiso-test.verteco.app\/index.php?rest_route=%2Fwp%2Fv2%2Fmedia&parent=10069"}],"wp:term":[{"taxonomy":"product_brand","embeddable":true,"href":"https:\/\/aramiso-test.verteco.app\/index.php?rest_route=%2Fwp%2Fv2%2Fproduct_brand&post=10069"},{"taxonomy":"product_cat","embeddable":true,"href":"https:\/\/aramiso-test.verteco.app\/index.php?rest_route=%2Fwp%2Fv2%2Fproduct_cat&post=10069"},{"taxonomy":"product_tag","embeddable":true,"href":"https:\/\/aramiso-test.verteco.app\/index.php?rest_route=%2Fwp%2Fv2%2Fproduct_tag&post=10069"}],"curies":[{"name":"wp","href":"https:\/\/api.w.org\/{rel}","templated":true}]}}